
Let j(w) = w**3 + 14*w**2 + 52*w + 34. Calculate j(-8).
2
Let w(j) = j**3 - 9*j**2 - 34*j + 339. Determine w(7).
3
Let b(m) = 36*m**3 - 59*m**2 + 6*m - 12. Calculate b(2).
52
Let h(a) = -2*a**3 - 36*a**2 - 19*a - 132. What is h(-18)?
210
Let k(d) = -2*d**3 - 7*d**2 + 18*d + 58. Determine k(-4).
2
Let h(q) = q**3 - 18*q**2 - 34*q - 11. Give h(19).
-296
Let z(v) = -7*v**2 + 229*v + 325. Give z(34).
19
Let s(w) = 7*w**3 + 116*w**2 - 50*w + 8. Determine s(-17).
-9
Let b(y) = -3*y**3 + 103*y**2 + 67*y + 101. Give b(35).
-4
Let u(g) = -2*g**3 + 43*g**2 + 116*g + 133. Give u(24).
37
Let f(v) = v**3 + 107*v**2 - 215*v + 304. Give f(-109).
-23
Let i(u) = -14*u - 546. What is i(6)?
-630
Let c(b) = 3*b**2 - 64*b - 114. Determine c(23).
1
Let f(w) = -9*w - 30. Calculate f(7).
-93
Let h(t) = -t**3 - 5*t**2 - 53*t - 137. What is h(-3)?
4
Let k(g) = -13*g - 166. Determine k(-7).
-75
Let w(m) = 3*m**3 + 206*m**2 + 142*m + 441. Determine w(-68).
33
Let d(c) = c**2 + 113*c + 940. Give d(-8).
100
Let b(c) = 25*c + 79. Determine b(-3).
4
Let c(s) = -s**3 + 62*s**2 - 203*s + 77. Calculate c(3).
-1
Let x(s) = -2*s**3 - 4*s**2 + 259*s - 256. Determine x(1).
-3
Let j(r) = r**3 + 25*r**2 + 48*r + 23. What is j(-23)?
-23
Let h(d) = 3*d**2 - 27*d - 17. Give h(8).
-41
Let d(b) = 131*b - 740. Determine d(5).
-85
Let n(f) = 13*f**3 - 818*f**2 - 64*f + 62. Calculate n(63).
-1
Let d(t) = -2*t**2 - 121*t - 48. Calculate d(-60).
12
Let v(f) = -52*f + 1604. Calculate v(31).
-8
Let b(x) = -374*x + 1876. Calculate b(5).
6
Let q(l) = -99*l + 1884. Determine q(19).
3
Let n(r) = -r**2 + 8*r + 38. Calculate n(4).
54
Let x(o) = -3*o**3 + 20*o**2 + 20*o - 91. Determine x(7).
0
Let w(n) = 2*n**3 + 78*n**2 + 2*n + 71. Determine w(-39).
-7
Let y(i) = i**3 - 56*i**2 - 69*i + 687. What is y(57)?
3
Let g(f) = -f**3 - 2*f**2 + 13*f + 15. Determine g(-1).
1
Let s(h) = 15*h - 8. Determine s(-5).
-83
Let q(d) = 3*d**3 + 2*d**2 + 187*d + 374. What is q(-2)?
-16
Let g(z) = 9*z**3 + 17*z**2 - 13*z - 26. Calculate g(-2).
-4
Let j(d) = -31*d**2 - 3040*d - 189. Calculate j(-98).
7
Let d(v) = -2*v**3 + 72*v**2 - 354*v - 175. Determine d(30).
5
Let l(w) = 124*w - 391. Give l(3).
-19
Let y(z) = 5627*z + 28137. Determine y(-5).
2
Let o(q) = -q**3 - 93*q**2 + 208*q + 1735. What is o(-95)?
25
Let f(s) = -2*s**3 - 285*s**2 + 113*s - 4292. Calculate f(-143).
-2
Let j(y) = 64*y**2 - 101*y - 44. Give j(2).
10
Let s(g) = g**2 + 38*g - 3468. What is s(-81)?
15
Let g(p) = p**3 - 5*p**2 - 312*p + 1836. Determine g(6).
0
Let s(n) = 6*n**3 - 11*n**2 + 30*n - 19. Calculate s(1).
6
Let r(x) = 58*x - 3299. What is r(57)?
7
Let x(r) = 11*r**2 + 401*r - 863. Determine x(2).
-17
Let z(k) = -35*k + 390. Determine z(26).
-520
Let d(u) = -2*u**2 + 67*u - 359. Give d(25).
66
Let j(i) = i**3 - 91*i**2 - 95*i + 411. Determine j(92).
135
Let f(x) = x**3 + 5*x**2 - 18*x - 3. Determine f(-9).
-165
Let z(u) = 85*u - 102. Determine z(1).
-17
Let d(v) = 44*v + 788. What is d(-20)?
-92
Let a(p) = 562*p + 1699. Give a(-3).
13
Let j(x) = -x**2 - 2614*x + 15718. Determine j(6).
-2
Let f(r) = -r**3 - 19*r**2 + 43*r + 27. Calculate f(-21).
6
Let q(t) = -t**3 - 13*t**2 + 38*t - 164. Calculate q(-16).
-4
Let i(y) = y**2 + 32*y - 23. Give i(-31).
-54
Let i(w) = 793*w - 1578. Determine i(2).
8
Let k(g) = -90*g + 820. Determine k(9).
10
Let q(m) = 2*m**3 - 7*m**2 + m + 48. What is q(7)?
398
Let v(o) = 7*o**2 + 2*o - 29. Give v(-7).
300
Let c(i) = -683*i + 6148. Determine c(9).
1
Let u(i) = i**3 + 15*i**2 + 61*i + 324. Calculate u(-12).
24
Let v(q) = -q**3 - 13*q**2 + 5*q + 198. Give v(-12).
-6
Let n(k) = -k + 27. Determine n(-30).
57
Let k(a) = -a**3 + 11*a**2 + 347*a - 48. Determine k(-14).
-6
Let w(m) = -133*m + 1860. Give w(14).
-2
Let l(y) = 30886*y - 154439. Determine l(5).
-9
Let p(n) = -2*n**3 - 6*n**2 + 12*n - 3. Determine p(-4).
-19
Let a(o) = -o**3 + 72*o - 21. Give a(8).
43
Let n(o) = 20*o**3 + 10*o**2 + 22*o + 7. Give n(-2).
-157
Let u(m) = m**2 + 9*m - 3. Give u(-5).
-23
Let o(n) = -581*n - 4819. What is o(-8)?
-171
Let q(z) = -2799*z + 58782. What is q(21)?
3
Let k(g) = g + 71. Give k(-4).
67
Let l(d) = -2*d**2 + 70*d + 428. Calculate l(-5).
28
Let k(h) = h**3 + 18*h**2 - 38*h + 5. What is k(-20)?
-35
Let f(u) = -11*u**3 - 3*u**2 + 10*u - 16. Give f(2).
-96
Let n(c) = c**2 - 79*c - 976. Calculate n(-11).
14
Let p(i) = -109*i + 1573. What is p(14)?
47
Let o(f) = -5*f - 14. Determine o(-4).
6
Let z(o) = -316*o**3 + 3*o**2 - 11*o + 9. Give z(1).
-315
Let p(k) = 2*k**2 - 224*k + 863. Calculate p(4).
-1
Let h(l) = 2045*l + 18411. What is h(-9)?
6
Let f(z) = 2*z - 6. Determine f(-12).
-30
Let f(w) = 6*w**3 - 81*w**2 + 146*w - 17. Give f(2).
-1
Let c(s) = -7*s + 484. Determine c(68).
8
Let m(o) = 248*o**3 - o**2 - 7*o + 8. Give m(1).
248
Let o(r) = -2*r**2 + 9*r - 3. Calculate o(2).
7
Let n(y) = -34*y - 58. What is n(2)?
-126
Let f(w) = -9*w + 29. Determine f(-23).
236
Let t(k) = -6*k**3 - 7*k**2 + 8*k + 6. Give t(2).
-54
Let l(h) = 10*h - 148. Determine l(-9).
-238
Let b(h) = 13*h**2 - 28*h - 13. Calculate b(-6).
623
Let t(g) = -9*g + 4. What is t(1)?
-5
Let m(q) = -6*q + 158. Calculate m(20).
38
Let r(o) = o**2 - 35*o + 233. Calculate r(9).
-1
Let q(j) = -j**3 - 12*j**2 + 6*j + 281. Give q(-8).
-23
Let y(h) = -8*h + 587. Give y(54).
155
Let m(p) = p**3 - 7*p**2 + 2*p + 17. What is m(4)?
-23
Let p(t) = -2*t**3 - 105*t**2 + 58*t + 252. What is p(-53)?
-13
Let t(a) = 3*a**3 - 91*a**2 - 740*a + 10. Give t(37).
10
Let r(m) = -2*m**3 + 13*m**2 - 14*m - 36. What is r(4)?
-12
Let d(z) = z**3 + 26*z**2 - 361*z - 48. Calculate d(-36).
-12
Let u(m) = -32*m + 146. What is u(4)?
18
Let m(s) = s**2 - 33*s + 253. Give m(21).
1
Let y(f) = f**3 + 18*f**2 - 21*f - 41. Determine y(-19).
-3
Let d(i) = -4*i**2 + 26*i + 1343. Determine d(22).
-21
Let z(l) = -282*l + 30. What is z(1)?
-252
Let q(f) = -279*f + 1269. Give q(5).
-126
Let x(y) = y**3 + 34*y**2 - 110*y + 49. Determine x(-37).
12
Let d(n) = 13857*n - 152431. Determine d(11).
-4
Let y(l) = 24*l + 177. What is y(-6)?
33
Let y(v) = v**2 + 8*v - 61. Calculate y(7).
44
Let f(l) = -l**3 - 37*l**2 - 73*l - 1365. Calculate f(-36).
-33
Let h(x) = -x + 78. Give h(-50).
128
Let o(p) = 26*p + 61. Give o(-14).
-303
Let h(t) = -198*t**2 + 1401*t - 98. Give h(7).
7
Let p(y) = -y**3 + 28*y**2 + 88*y + 228. Give p(31).
73
Let m(b) = -6*b**2 + 5*b + 1. What is m(5)?
-124
Let m(k) = -k**3 - 6*k**2 - 53*k - 244. Calculate m(-5).
-4
Let a(r) = 9*r**2 - 32*r - 79. Determine a(-6).
437
Let j(r) = -204*r + 3707. What is j(18)?
35
Let o(u) = 119*u - 756. Give o(6).
-42
Let m(y) = y**3 + 16*y**2 - 157*y - 2507. What is m(-16)?
5
Let r(f) = -1094*f**2 - 6562*f + 2. Calculate r(-6).
-10
Let y(i) = i**3 - 20*i**2 + 19*i + 206. Determine y(15).
-634
Let m(a) = a**3 + 2*a**2 + a - 21. Determine m(0).
-21
Let q(d) = -2*d**2 + 138*d - 517. Give q(4).
3
Let f(b) = 3*b**2 - 11*b - 14. Determine f(8).
90
Let k(f) = -26*f - 377. Give k(-15).
13
Let k(s) = 114*s**3 - 2*s**2 - 3*s - 21. Give k(0).
-21
Let z(s) = 60*s - 163. Determine z(5).
137
Let p(n) = 4*n**2 + 9*n - 64. What is p(5)?
81
Let o(w) = -25*w**2 - 10032*w - 2820. Determine o(-401).
-13
Let t(k) = -8*k - 116. Determine t(-9).
-44
Let y(j) = 3*j**2 + 80*j - 1448. What is y(-39)?
-5
Let u(n) = -n**3 - 22*n**2 - 58*n - 769. What is u(-21)?
8
Let v(a) = -a**2 - 20*a - 264. Determine v(-12).
-168
Let i(w) = w**3 + 7*w**2 - 103*w - 63. Calculate i(-14).
7
Let h(j) = j**3 - 7*j**2 + 5*j + 15. Calculate h(5).
-10
Let l(p) = -58*p + 293. Calculate l(5).
3
Let u(k) = -511*k**3 - 5*k + 4. What is u(1)?
-512
Let r(i) = -1931*i - 5803. Calculate r(-3).
-10
Let t(f) = 26*f**2 + 174. Give t(0).
174
Let b(g) = 566*g + 210. Calculate b(-1).
-356
Let s(y) = -64*y - 7927. Give s(-124).
9
Let g(d) = -4*d**2 + 111*d + 1048. Give g(-8).
-96
Let a(i) = 14*i**2 + 627*i + 3148. Determine a(-5).
363
Let w(a) = a**2 + 7*a - 53. Give w(4).
-9
Let s(j) = 23016*j - 46030. What is s(2)?
2
Let n(v) = -3401*v - 88426. Calculate n(-26).
0
Let g(r) = r**3 + 17*r**2 + 45*r + 214. Give g(-15).
-11
Let v(g) = -g**3 - 22*g**2 + 21*g + 16. Calculate v(-23).
62
Let l(v) = -v**3 + 122*v**2 + 119*v + 486. Calculate l(123).
-6
Let a(j) = 331*j - 35766. Determine a(108).
-18
Let m(z) = 4*z - 275. Calculate m(73)